se 0*k - 5*k + 320 = -5*n, -2*k + 4*n + 136 = 0. Calculate the remainder when 117 is divided by k/(z + 15/6).
37
Let x = -7115 - -7137. Calculate the remainder when 357 is divided by x.
5
Let n(c) = -c + 29. Let g(a) = -2*a - 51. Let w be g(21). Let y = w + 106. Calculate the remainder when 35 is divided by n(y).
3
Suppose -s - k = -2*k - 85, 5*s + 3*k = 393. Let c = s + -26. Calculate the remainder when c is divided by 8.
7
Suppose 5*i = -2*m + 156, 3*i + m - 130 = -37. Suppose 7*p - 42 = 56. Let z = i - p. Calculate the remainder when 79 is divided by z.
15
Let t = 9289 + -9267. What is the remainder when 3690 is divided by t?
16
Let a = -188 - -303. Suppose a*r = 118*r - 96. Calculate the remainder when 57 is divided by r.
25
Let n = 1051 - 549. Let m = 517 - n. What is the remainder when 1048 is divided by m?
13
What is the remainder when 164 is divided by -6 + 24/48 + (-310)/(-4)?
20
Suppose 0 = q + 1 - 24. Suppose b - 92 = -5*y, -104 - 40 = -2*b - 2*y. Calculate the remainder when b is divided by q.
21
Let k = 455 - 327. Suppose -k = -2*q - 4*b, -4*q + 162 = -4*b - 82. Calculate the remainder when q is divided by 7.
6
What is the remainder when ((-24)/(-159))/4 + (-15304025)/(-5353) is divided by 179?
174
Let h(t) = -t**2 - 26*t - 37. Calculate the remainder when h(-18) is divided by 6 + 26 + 12 + -22.
19
Suppose -w = -3*n + 80, -64*w - 132 = -5*n - 62*w. Calculate the remainder when n is divided by (-1)/4 - (-851)/92.
1
Suppose -981 + 8871 = 10*o. What is the remainder when o is divided by 113?
111
Suppose 16*o - 246 = 1843 - 409. What is the remainder when 141 is divided by o?
36
Suppose 28*y - 331 = -5*g + 31*y, 0 = -5*g + 5*y + 335. Calculate the remainder when g is divided by 99*(-4 - 26/(-6)).
32
What is the remainder when 6927/(-12)*16/10*(-45)/18 is divided by 35?
34
Suppose r - 11*g - 24 = -8*g, -4*r + 56 = -4*g. Suppose -101 = -v + 3*t, 0*t - 198 = -2*v + 2*t. Calculate the remainder when v is divided by r.
8
Let s(a) = -a**2 + 3*a + 2136. What is the remainder when s(44) is divided by 160?
12
Let g(l) = 2*l**2 - 44*l - 88. Calculate the remainder when 176 is divided by g(25).
52
Let z = 27 - -86. What is the remainder when (-44)/(-132) - z/(-3) is divided by 7?
3
Let b(u) = -u**3 + 4*u**2 + u + 5. Suppose 0 = -32*w + 18691 - 4035. Let s = w - 388. Calculate the remainder when s is divided by b(4).
7
Suppose 10*z = 7*z. Let v be (z/(-2))/(-1 - -1 - -1). Suppose -3*j - j + 32 = v. What is the remainder when 22 is divided by j?
6
Let t(p) be the second derivative of -p**5/10 - p**4/4 + p**3 + p**2/2 - 55*p + 1. Calculate the remainder when 226 is divided by t(-4).
55
Suppose -17*z - 85 = -296 - 61. Suppose 64 = 2*c - 4*a - 104, -2*a - 360 = -4*c. What is the remainder when c is divided by z?
12
Suppose 4673*d - 3*m = 4678*d - 813, -5*d + 821 = m. Calculate the remainder when 11052 is divided by d.
162
Suppose -2*m = -3*h + 5*h, 0 = 3*m + h - 8. Suppose -2*u - 3*c = -127 - 143, -3*u = -m*c - 439. Calculate the remainder when u is divided by 24.
21
Let w(v) = -682*v - 4675. What is the remainder when w(-13) is divided by 2091?
9
Suppose c - 3*h = 35, 4*c + 2*h - 4*h = 160. What is the remainder when c is divided by (-840)/(-98) + (-4)/7?
1
Suppose -6*k - 410 = 322. Let r = k - -185. Suppose 1718 = 11*n - 1010. Calculate the remainder when n is divided by r.
59
Let v(o) = 2*o - 4*o**2 - 10*o**2 + 14 + 41 - o**3. Let h(w) = -187*w**3 - 2*w - 1. Calculate the remainder when h(-1) is divided by v(-14).
26
Suppose 83*g - 48 = 77*g. Calculate the remainder when 1 + 87/3 + 32/g is divided by 14.
6
Let w(b) = b**2 - 81*b - 296. What is the remainder when 2944 is divided by w(-5)?
130
Let c(d) = d**3 + 31*d**2 - 31*d + 35. Let u be c(-32). Suppose t = -4*t - u*h + 208, -76 = -2*t - 3*h. Calculate the remainder when 87 is divided by t.
43
Suppose -2*a + 88 = 2*a. Suppose h = 102 - 101. Let o(m) = 6*m**2 + 6*m - 6. Calculate the remainder when a is divided by o(h).
4
Calculate the remainder when ((-14)/(-42))/(20/15300) is divided by 70.
45
Suppose 4*d - 96 = 12. Let a(m) = -2*m**2 - 12*m + 12. Let x be a(-3). Calculate the remainder when d is divided by (1 + (5 - x))/(-2).
3
Suppose 4*m + 25 = -3*q + 109, -2*q = m - 56. What is the remainder when (-4 + 3 - 3)/((-11)/143) is divided by q?
24
Let r = 520 - 343. Suppose -4*d + r = -d. Let b(u) = 1737*u - 13880. Calculate the remainder when d is divided by b(8).
11
Suppose -67 = -t - 3*d - 37, 2*d = 8. Let g = 918 + -653. Calculate the remainder when g is divided by t.
13
Suppose -5*o - 3*p + 22 + 19 = 0, 0 = o - 5*p - 25. Suppose 5*y + o = -0. What is the remainder when 13 is divided by -8*-2*y/(-8)?
1
Let q(a) be the second derivative of -2*a**3/3 - 3*a**2 + 54*a. Calculate the remainder when 52 is divided by q(-5).
10
Let w(v) = 2*v**2 + v + 6. Let q = -361 - -391. Suppose 24*o - q*o = -114. Calculate the remainder when w(7) is divided by o.
16
Let a = -1287 - -1358. What is the remainder when 432 is divided by a?
6
Suppose -s + 17*s = 688. Suppose -s = -3*r + 4*m - 9*m, 2*r - 4*m = 36. Calculate the remainder when 62 is divided by r.
14
Suppose 5*q = 3*h - 706, 178 + 55 = h - 4*q. Let z = 240 - h. What is the remainder when 78 is divided by z?
0
Suppose -q = 5*h - 4688 - 328, -5014 = -5*h + q. Calculate the remainder when h is divided by 6.
1
Suppose 5*m - 44 = 4*z, -3*z = -3*m + 18 + 15. Let j = z - -15. Suppose 2*v - 203 = f - 64, v - 59 = j*f. Calculate the remainder when v is divided by 12.
11
Let l(u) = -40*u**3 - 17*u**2 - 9*u - 13. What is the remainder when l(-5) is divided by 36?
35
Suppose 5*d + 0*d = 1280. Let v = d - 214. Calculate the remainder when 203 is divided by v.
35
Let a = 7486 + -7453. Let q = 59 - 5. Suppose -2*r = -5*l + 113, -l + 3*l - 3*r = q. Calculate the remainder when a is divided by l.
12
Suppose -p - 688 = -4*d, 30*p - 25*p - 539 = -3*d. What is the remainder when d is divided by 16?
13
What is the remainder when (-27)/(-17 - -8) + 95 + -2 is divided by 249/13 + 2 + 6/(-39)?
12
Let c(p) = p. What is the remainder when c(3) is divided by 64/(-640) - (-124)/40?
0
Let n = 16 + -36. Calculate the remainder when 80 is divided by (19 + n)/(2/(-62)).
18
Let f(s) = s**2 - 6*s + 30. Let q(u) = 2*u**3 - 3*u**2 + 3*u - 5. Let d be q(2). What is the remainder when 71 is divided by f(d)?
21
Suppose 3*y - 5*v = -0*y - 73, -4*v = 5*y + 97. What is the remainder when 368/6 - (1 + 14/y) is divided by 7?
5
Let i(n) = 29*n**2 - 16 - 114*n + 3*n**3 - 76*n - 2*n**3 + 237*n. Calculate the remainder when i(-27) is divided by 58.
57
Suppose 2*j + 6*p = p + 729, 5*j - 3*p - 1838 = 0. What is the remainder when j is divided by 23 + 100/4 + 0 + -2?
45
Let d = -351 + 354. Suppose z - 155 = -4*s, 94 + 613 = 5*z + d*s. What is the remainder when z is divided by 3?
1
What is the remainder when 562 is divided by (10/(-8))/((-3347)/(-108) + -31)?
22
Let h(m) = m - 6. Let a be h(8). Let n = -51 + 67. Suppose -4*c = -a*c - n. What is the remainder when 20 is divided by c?
4
Let g(p) = p**2 + 2154*p + 38561. Let x(w) = -18*w + 3. Let n(d) = d + 1. Let q(m) = 2*n(m) - x(m). What is the remainder when g(-18) is divided by q(1)?
18
Let r(c) = -3*c**3 - 26*c**2 - 14*c + 16. Let j be r(-8). Suppose 4*o - 540 = 5*d, j*d + 675 = 5*o - 3*d. Calculate the remainder when o is divided by 68.
67
Let z(c) = 15*c - 93. Let o be z(8). Suppose -x = -4*k - 27, -5*x - o = -4*k - 98. Calculate the remainder when x is divided by 9.
2
Let v(c) = -c + 134. Suppose -5*u + 62 = -118. Calculate the remainder when v(27) is divided by u.
35
Let s(m) = 8*m + 17. Suppose -a = 4*a + 20. Let g = a + 9. What is the remainder when s(g) is divided by 20?
17
Let w(k) = -14 + 15*k - 24*k**2 + 5*k**2 + 5*k**2 + 13*k**2. What is the remainder when 152 is divided by w(12)?
20
Let t(v) = -20*v + 139. Calculate the remainder when 232 is divided by t(4).
55
Suppose 101*p + 46*p = -260*p + 6512. Let j(x) = 2*x**2 + 2*x + 9. What is the remainder when j(-7) is divided by p?
13
Let l = 106 - 95. Suppose 0 = 19*i - l*i + 80. Calculate the remainder when (-15)/(-25) - 14/i is divided by 1.
0
Let x = 106 - 96. Let c(d) = -3*d - 3. Let m be c(-2). Suppose -112 + 316 = m*s. What is the remainder when s is divided by x?
8
Suppose -3*i + 8 =